{"id":48,"date":"2018-01-02T23:05:50","date_gmt":"2018-01-02T23:05:50","guid":{"rendered":"http:\/\/kirchenchor-ummendorf.haraldschmidt.de\/?page_id=48"},"modified":"2021-11-09T20:16:54","modified_gmt":"2021-11-09T20:16:54","slug":"auftritte-2","status":"publish","type":"page","link":"https:\/\/kirchenchor-ummendorf.de\/?page_id=48","title":{"rendered":"Auftritte"},"content":{"rendered":"<table class=\" alignleft\" style=\"width: 1024px; height: 550px;\" cellspacing=\"10\" cellpadding=\"10\">\n<tbody>\n<tr>\n<td style=\"width: 560px; text-align: left; vertical-align: top;\"><img loading=\"lazy\" decoding=\"async\" class=\"alignleft wp-image-14\" src=\"http:\/\/kirchenchor.haraldschmidt.de\/wp-content\/uploads\/2018\/01\/Auftritte.jpg\" alt=\"Kirchenchorbenefizkonzert mit Orchesterbesetzung\" width=\"500\" height=\"331\" srcset=\"https:\/\/kirchenchor-ummendorf.de\/wp-content\/uploads\/2018\/01\/Auftritte.jpg 550w, https:\/\/kirchenchor-ummendorf.de\/wp-content\/uploads\/2018\/01\/Auftritte-300x199.jpg 300w\" sizes=\"auto, (max-width: 500px) 100vw, 500px\" \/><\/td>\n<td style=\"width: 550px; text-align: left; vertical-align: top;\">Fester Bestandteil im Jahresablauf sind unsere festlichen Orchestermessen bei den Gottesdiensten an Ostern und Weihnachten.<br \/>\nBegleitet werden wir hier oft von einem Orchester, besetzt mit Musikerinnen und Musikern aus der Region. Aber auch an anderen kirchlichen Feiertagen gestalten wir Gottesdienste mit, beispielsweise an Karfreitag, Pfingsten, Fronleichnam und Allerheiligen.<br \/>\nDabei sind wir auch \u00f6kumenisch aktiv und singen von Zeit zu Zeit in der evangelischen Vers\u00f6hnungskirche in Ummendorf. Auf Wunsch werden Trauergottesdienste f\u00fcr ehemalige Chormitglieder und deren Angeh\u00f6rige vom Kirchenchor umrahmt. In der Regel alle zwei Jahre veranstalten wir ein Kirchenkonzert in der Ummendorfer Pfarrkirche. Neben dem Kirchenchor wirken bei diesem auch noch ein Orchester sowie unter anderem unsere Chorleiterin Aline Ehrig-Metz als Solistin mit.<\/td>\n<\/tr>\n<\/tbody>\n<\/table>\n","protected":false},"excerpt":{"rendered":"<p>Fester Bestandteil im Jahresablauf sind unsere festlichen Orchestermessen bei den Gottesdiensten an Ostern und Weihnachten. Begleitet werden wir hier oft von einem Orchester, besetzt mit Musikerinnen und Musikern aus der Region. Aber auch an anderen kirchlichen Feiertagen gestalten wir Gottesdienste mit, beispielsweise an Karfreitag, Pfingsten, Fronleichnam und Allerheiligen. Dabei sind wir auch \u00f6kumenisch aktiv und [&hellip;]<\/p>\n","protected":false},"author":1,"featured_media":0,"parent":0,"menu_order":0,"comment_status":"closed","ping_status":"closed","template":"","meta":{"footnotes":""},"class_list":["post-48","page","type-page","status-publish","hentry"],"_links":{"self":[{"href":"https:\/\/kirchenchor-ummendorf.de\/index.php?rest_route=\/wp\/v2\/pages\/48","targetHints":{"allow":["GET"]}}],"collection":[{"href":"https:\/\/kirchenchor-ummendorf.de\/index.php?rest_route=\/wp\/v2\/pages"}],"about":[{"href":"https:\/\/kirchenchor-ummendorf.de\/index.php?rest_route=\/wp\/v2\/types\/page"}],"author":[{"embeddable":true,"href":"https:\/\/kirchenchor-ummendorf.de\/index.php?rest_route=\/wp\/v2\/users\/1"}],"replies":[{"embeddable":true,"href":"https:\/\/kirchenchor-ummendorf.de\/index.php?rest_route=%2Fwp%2Fv2%2Fcomments&post=48"}],"version-history":[{"count":20,"href":"https:\/\/kirchenchor-ummendorf.de\/index.php?rest_route=\/wp\/v2\/pages\/48\/revisions"}],"predecessor-version":[{"id":569,"href":"https:\/\/kirchenchor-ummendorf.de\/index.php?rest_route=\/wp\/v2\/pages\/48\/revisions\/569"}],"wp:attachment":[{"href":"https:\/\/kirchenchor-ummendorf.de\/index.php?rest_route=%2Fwp%2Fv2%2Fmedia&parent=48"}],"curies":[{"name":"wp","href":"https:\/\/api.w.org\/{rel}","templated":true}]}}

<table class=" alignleft" style="width: 1024px; height: 550px;" cellspacing="10" cellpadding="10">
<tbody>
<tr>
<td style="width: 560px; text-align: left; vertical-align: top;"><img loading="lazy" decoding="async" class="alignleft wp-image-14" src="http://kirchenchor.haraldschmidt.de/wp-content/uploads/2018/01/Auftritte.jpg" alt="Kirchenchorbenefizkonzert mit Orchesterbesetzung" width="500" height="331" srcset="https://kirchenchor-ummendorf.de/wp-content/uploads/2018/01/Auftritte.jpg 550w, https://kirchenchor-ummendorf.de/wp-content/uploads/2018/01/Auftritte-300x199.jpg 300w" sizes="auto, (max-width: 500px) 100vw, 500px" /></td>
<td style="width: 550px; text-align: left; vertical-align: top;">Fester Bestandteil im Jahresablauf sind unsere festlichen Orchestermessen bei den Gottesdiensten an Ostern und Weihnachten.<br />
Begleitet werden wir hier oft von einem Orchester, besetzt mit Musikerinnen und Musikern aus der Region. Aber auch an anderen kirchlichen Feiertagen gestalten wir Gottesdienste mit, beispielsweise an Karfreitag, Pfingsten, Fronleichnam und Allerheiligen.<br />
Dabei sind wir auch ökumenisch aktiv und singen von Zeit zu Zeit in der evangelischen Versöhnungskirche in Ummendorf. Auf Wunsch werden Trauergottesdienste für ehemalige Chormitglieder und deren Angehörige vom Kirchenchor umrahmt. In der Regel alle zwei Jahre veranstalten wir ein Kirchenkonzert in der Ummendorfer Pfarrkirche. Neben dem Kirchenchor wirken bei diesem auch noch ein Orchester sowie unter anderem unsere Chorleiterin Aline Ehrig-Metz als Solistin mit.</td>
</tr>
</tbody>
</table>

<p>Fester Bestandteil im Jahresablauf sind unsere festlichen Orchestermessen bei den Gottesdiensten an Ostern und Weihnachten. Begleitet werden wir hier oft von einem Orchester, besetzt mit Musikerinnen und Musikern aus der Region. Aber auch an anderen kirchlichen Feiertagen gestalten wir Gottesdienste mit, beispielsweise an Karfreitag, Pfingsten, Fronleichnam und Allerheiligen. Dabei sind wir auch ökumenisch aktiv und [&hellip;]</p>
