{"id":49,"date":"2018-01-02T23:05:50","date_gmt":"2018-01-02T23:05:50","guid":{"rendered":"http:\/\/kirchenchor-ummendorf.haraldschmidt.de\/?page_id=49"},"modified":"2024-05-16T20:31:09","modified_gmt":"2024-05-16T20:31:09","slug":"weitere-aktivitaeten","status":"publish","type":"page","link":"https:\/\/kirchenchor-ummendorf.de\/?page_id=49","title":{"rendered":"Weitere Aktivit\u00e4ten"},"content":{"rendered":"<table class=\" alignleft\" style=\"width: 1024px; height: 550px;\" cellspacing=\"10\" cellpadding=\"10\">\n<tbody>\n<tr>\n<td style=\"width: 560px; text-align: left; vertical-align: top;\"><img loading=\"lazy\" decoding=\"async\" class=\"alignleft wp-image-15\" src=\"https:\/\/kirchenchor-ummendorf.de\/wp-content\/uploads\/2023\/09\/IMG_20230916_120457911_HDR-scaled.jpg\" width=\"500\" height=\"375\" \/><\/td>\n<td style=\"text-align: left; vertical-align: top;\">Neben unseren Auftritten darf auch das Gesellige nicht zu kurz kommen. Jedes Jahr in den Sommerferien machen wir ein Grillfest f\u00fcr Chormitglieder und Ehemalige.<br \/>\nBereits zur Tradition geworden ist auch unsere allj\u00e4hrliche Weihnachtsfeier in der Adventszeit. Alle zwei Jahre machen wir im Sommer einen gemeinsamen Tagesausflug. Mit dem Bus fahren wir zu einem Ziel in der n\u00e4heren oder weiteren Umgebung und verbringen dort einen sch\u00f6nen Tag. In den Jahren dazwischen organisieren Mitglieder mehrt\u00e4gige Ausfl\u00fcge mit privaten Fahrzeugen.Jeden Freitag nach der Chorprobe steht eine gemeinsame Einkehr in einem der Ummendorfer Gasth\u00e4user auf dem Programm. <a href=\"https:\/\/kirchenchor-ummendorf.de\/?page_id=50\"><span style=\"color: #ff0000;\">weitere Bilder in der Galerie<\/span><\/a><\/td>\n<\/tr>\n<\/tbody>\n<\/table>\n","protected":false},"excerpt":{"rendered":"<p>Neben unseren Auftritten darf auch das Gesellige nicht zu kurz kommen. Jedes Jahr in den Sommerferien machen wir ein Grillfest f\u00fcr Chormitglieder und Ehemalige. Bereits zur Tradition geworden ist auch unsere allj\u00e4hrliche Weihnachtsfeier in der Adventszeit. Alle zwei Jahre machen wir im Sommer einen gemeinsamen Tagesausflug. Mit dem Bus fahren wir zu einem Ziel in [&hellip;]<\/p>\n","protected":false},"author":1,"featured_media":0,"parent":0,"menu_order":0,"comment_status":"closed","ping_status":"closed","template":"","meta":{"footnotes":""},"class_list":["post-49","page","type-page","status-publish","hentry"],"_links":{"self":[{"href":"https:\/\/kirchenchor-ummendorf.de\/index.php?rest_route=\/wp\/v2\/pages\/49","targetHints":{"allow":["GET"]}}],"collection":[{"href":"https:\/\/kirchenchor-ummendorf.de\/index.php?rest_route=\/wp\/v2\/pages"}],"about":[{"href":"https:\/\/kirchenchor-ummendorf.de\/index.php?rest_route=\/wp\/v2\/types\/page"}],"author":[{"embeddable":true,"href":"https:\/\/kirchenchor-ummendorf.de\/index.php?rest_route=\/wp\/v2\/users\/1"}],"replies":[{"embeddable":true,"href":"https:\/\/kirchenchor-ummendorf.de\/index.php?rest_route=%2Fwp%2Fv2%2Fcomments&post=49"}],"version-history":[{"count":11,"href":"https:\/\/kirchenchor-ummendorf.de\/index.php?rest_route=\/wp\/v2\/pages\/49\/revisions"}],"predecessor-version":[{"id":884,"href":"https:\/\/kirchenchor-ummendorf.de\/index.php?rest_route=\/wp\/v2\/pages\/49\/revisions\/884"}],"wp:attachment":[{"href":"https:\/\/kirchenchor-ummendorf.de\/index.php?rest_route=%2Fwp%2Fv2%2Fmedia&parent=49"}],"curies":[{"name":"wp","href":"https:\/\/api.w.org\/{rel}","templated":true}]}}

Weitere Aktivitäten

<table class=" alignleft" style="width: 1024px; height: 550px;" cellspacing="10" cellpadding="10">
<tbody>
<tr>
<td style="width: 560px; text-align: left; vertical-align: top;"><img loading="lazy" decoding="async" class="alignleft wp-image-15" src="https://kirchenchor-ummendorf.de/wp-content/uploads/2023/09/IMG_20230916_120457911_HDR-scaled.jpg" width="500" height="375" /></td>
<td style="text-align: left; vertical-align: top;">Neben unseren Auftritten darf auch das Gesellige nicht zu kurz kommen. Jedes Jahr in den Sommerferien machen wir ein Grillfest für Chormitglieder und Ehemalige.<br />
Bereits zur Tradition geworden ist auch unsere alljährliche Weihnachtsfeier in der Adventszeit. Alle zwei Jahre machen wir im Sommer einen gemeinsamen Tagesausflug. Mit dem Bus fahren wir zu einem Ziel in der näheren oder weiteren Umgebung und verbringen dort einen schönen Tag. In den Jahren dazwischen organisieren Mitglieder mehrtägige Ausflüge mit privaten Fahrzeugen.Jeden Freitag nach der Chorprobe steht eine gemeinsame Einkehr in einem der Ummendorfer Gasthäuser auf dem Programm. <a href="https://kirchenchor-ummendorf.de/?page_id=50"><span style="color: #ff0000;">weitere Bilder in der Galerie</span></a></td>
</tr>
</tbody>
</table>

<p>Neben unseren Auftritten darf auch das Gesellige nicht zu kurz kommen. Jedes Jahr in den Sommerferien machen wir ein Grillfest für Chormitglieder und Ehemalige. Bereits zur Tradition geworden ist auch unsere alljährliche Weihnachtsfeier in der Adventszeit. Alle zwei Jahre machen wir im Sommer einen gemeinsamen Tagesausflug. Mit dem Bus fahren wir zu einem Ziel in [&hellip;]</p>
