{"id":52,"date":"2018-01-02T23:05:50","date_gmt":"2018-01-02T23:05:50","guid":{"rendered":"http:\/\/kirchenchor-ummendorf.haraldschmidt.de\/?page_id=52"},"modified":"2024-08-18T13:34:40","modified_gmt":"2024-08-18T13:34:40","slug":"faq","status":"publish","type":"page","link":"https:\/\/kirchenchor-ummendorf.de\/?page_id=52","title":{"rendered":"FAQ"},"content":{"rendered":"<p>F: Ich habe Lust in einem Chor zu singen und auf gem\u00fctliche Abende. Was mache ich?<br \/>\nA: Nach der coronabedingten Zwangspause k\u00f6nnen seit Juni wieder Chorproben in der (gut durchgel\u00fcfteten) Pfarrkirche stattfinden. Mittlerweile k\u00f6nnen sogar wieder Proben in voller Chorst\u00e4rke bei Einhaltung des erforderlichen Sicherheitsabstandes durchgef\u00fchrt werden. In unregelm\u00e4\u00dfigen Abst\u00e4nden werden die Gottesdienste in Ummendorf von einer Schola des Kirchenchores mit wechselnder Besetzung (M\u00e4nner, Frauen oder gemischt) mitgestaltet.<\/p>\n<p>Am Gottesdienst in der Pfarrkirche an Weihnachten soll erstmals seit 2019 wieder eine Orchestermesse aufgef\u00fchrt werden. Die Proben hierzu haben bereits kurz nach Allerheiligen begonnen. Die Zeit um den Jahreswechsel w\u00e4re auch f\u00fcr neue S\u00e4ngerinnen und S\u00e4nger ein guter Zeitpunkt, zu unseren Proben zu kommen, unseren Chor mit ihrer Stimme zu bereichern und Teil unserer Gemeinschaft zu sein.<\/p>\n<hr \/>\n<p>F: Wann und wo finden seit September 2021 die Proben statt?<br \/>\nA: Unsere Proben finden aktuell freitags von 18:30 Uhr bis 20:00 Uhr im katholischen Gemeindehaus statt.<\/p>\n<hr \/>\n<p><span class=\"style_bold\">F: Wie kann ich dem Chor beitreten?<\/span><br \/>\nA: Am Besten an einem Freitag zur Chorprobe kommen und mitsingen.\u00a0Sie sind herzlich dazu eingeladen.<\/p>\n<hr \/>\n<p><span class=\"style_bold\">F: Welches Repertoire hat der Chor?<\/span><br \/>\nA: Wir singen vor allem kirchliche Lieder und Messen von Wolfgang Amadeus Mozart \u00fcber Ignaz Reimann und Georg Friedrich H\u00e4ndel bis zu Liedern von Klaus Heizmann und John Rutter (H\u00f6rbeispiel unter Unser Chor).<\/p>\n","protected":false},"excerpt":{"rendered":"<p>F: Ich habe Lust in einem Chor zu singen und auf gem\u00fctliche Abende. Was mache ich? A: Nach der coronabedingten Zwangspause k\u00f6nnen seit Juni wieder Chorproben in der (gut durchgel\u00fcfteten) Pfarrkirche stattfinden. Mittlerweile k\u00f6nnen sogar wieder Proben in voller Chorst\u00e4rke bei Einhaltung des erforderlichen Sicherheitsabstandes durchgef\u00fchrt werden. In unregelm\u00e4\u00dfigen Abst\u00e4nden werden die Gottesdienste in Ummendorf [&hellip;]<\/p>\n","protected":false},"author":1,"featured_media":0,"parent":0,"menu_order":0,"comment_status":"closed","ping_status":"closed","template":"","meta":{"footnotes":""},"class_list":["post-52","page","type-page","status-publish","hentry"],"_links":{"self":[{"href":"https:\/\/kirchenchor-ummendorf.de\/index.php?rest_route=\/wp\/v2\/pages\/52","targetHints":{"allow":["GET"]}}],"collection":[{"href":"https:\/\/kirchenchor-ummendorf.de\/index.php?rest_route=\/wp\/v2\/pages"}],"about":[{"href":"https:\/\/kirchenchor-ummendorf.de\/index.php?rest_route=\/wp\/v2\/types\/page"}],"author":[{"embeddable":true,"href":"https:\/\/kirchenchor-ummendorf.de\/index.php?rest_route=\/wp\/v2\/users\/1"}],"replies":[{"embeddable":true,"href":"https:\/\/kirchenchor-ummendorf.de\/index.php?rest_route=%2Fwp%2Fv2%2Fcomments&post=52"}],"version-history":[{"count":11,"href":"https:\/\/kirchenchor-ummendorf.de\/index.php?rest_route=\/wp\/v2\/pages\/52\/revisions"}],"predecessor-version":[{"id":926,"href":"https:\/\/kirchenchor-ummendorf.de\/index.php?rest_route=\/wp\/v2\/pages\/52\/revisions\/926"}],"wp:attachment":[{"href":"https:\/\/kirchenchor-ummendorf.de\/index.php?rest_route=%2Fwp%2Fv2%2Fmedia&parent=52"}],"curies":[{"name":"wp","href":"https:\/\/api.w.org\/{rel}","templated":true}]}}

<p>F: Ich habe Lust in einem Chor zu singen und auf gemütliche Abende. Was mache ich?<br />
A: Nach der coronabedingten Zwangspause können seit Juni wieder Chorproben in der (gut durchgelüfteten) Pfarrkirche stattfinden. Mittlerweile können sogar wieder Proben in voller Chorstärke bei Einhaltung des erforderlichen Sicherheitsabstandes durchgeführt werden. In unregelmäßigen Abständen werden die Gottesdienste in Ummendorf von einer Schola des Kirchenchores mit wechselnder Besetzung (Männer, Frauen oder gemischt) mitgestaltet.</p>
<p>Am Gottesdienst in der Pfarrkirche an Weihnachten soll erstmals seit 2019 wieder eine Orchestermesse aufgeführt werden. Die Proben hierzu haben bereits kurz nach Allerheiligen begonnen. Die Zeit um den Jahreswechsel wäre auch für neue Sängerinnen und Sänger ein guter Zeitpunkt, zu unseren Proben zu kommen, unseren Chor mit ihrer Stimme zu bereichern und Teil unserer Gemeinschaft zu sein.</p>
<hr />
<p>F: Wann und wo finden seit September 2021 die Proben statt?<br />
A: Unsere Proben finden aktuell freitags von 18:30 Uhr bis 20:00 Uhr im katholischen Gemeindehaus statt.</p>
<hr />
<p><span class="style_bold">F: Wie kann ich dem Chor beitreten?</span><br />
A: Am Besten an einem Freitag zur Chorprobe kommen und mitsingen. Sie sind herzlich dazu eingeladen.</p>
<hr />
<p><span class="style_bold">F: Welches Repertoire hat der Chor?</span><br />
A: Wir singen vor allem kirchliche Lieder und Messen von Wolfgang Amadeus Mozart über Ignaz Reimann und Georg Friedrich Händel bis zu Liedern von Klaus Heizmann und John Rutter (Hörbeispiel unter Unser Chor).</p>

<p>F: Ich habe Lust in einem Chor zu singen und auf gemütliche Abende. Was mache ich? A: Nach der coronabedingten Zwangspause können seit Juni wieder Chorproben in der (gut durchgelüfteten) Pfarrkirche stattfinden. Mittlerweile können sogar wieder Proben in voller Chorstärke bei Einhaltung des erforderlichen Sicherheitsabstandes durchgeführt werden. In unregelmäßigen Abständen werden die Gottesdienste in Ummendorf [&hellip;]</p>
